{"id":148,"date":"2023-01-09T23:00:47","date_gmt":"2023-01-09T23:00:47","guid":{"rendered":"https:\/\/premiocalabria.it\/?page_id=148"},"modified":"2023-01-27T14:43:15","modified_gmt":"2023-01-27T14:43:15","slug":"elementor-148","status":"publish","type":"page","link":"https:\/\/premiocalabria.it\/index.php\/elementor-148\/","title":{"rendered":"Elementor #148"},"content":{"rendered":"<p style=\"margin-bottom: 0cm; line-height: normal;\"><b>Premio Internazionale Calabria<\/b><\/p>\n<p style=\"line-height: normal; margin: 0cm 0cm 6.0pt -21.25pt;\">&nbsp; &nbsp; &nbsp; Letteratura italiana e straniera; letteratura scientifica<\/p>\n<p style=\"margin-bottom: 0cm; line-height: normal; background-image: initial; background-position: initial; background-size: initial; background-repeat: initial; background-attachment: initial; background-origin: initial; background-clip: initial;\">Il&nbsp;<b>Premio<br \/>\nInternazionale Calabria<\/b>&nbsp;\u00e8 stato istituito nel 1963 dal Circolo di Cultura e di&nbsp;<\/p>\n<p style=\"margin-bottom: 0cm; line-height: normal; background-image: initial; background-position: initial; background-size: initial; background-repeat: initial; background-attachment: initial; background-origin: initial; background-clip: initial;\">Relazioni Internazionali di Villa S. Giovanni, presieduto dal prof.Giuseppe Morabito.<a href=\"https:\/\/it.everybodywiki.com\/Premio_Calabria#cite_note-1\"><sup>[1]<\/sup><\/a>Il&nbsp;<\/p>\n<p style=\"margin-bottom: 0cm; line-height: normal; background-image: initial; background-position: initial; background-size: initial; background-repeat: initial; background-attachment: initial; background-origin: initial; background-clip: initial;\">Premio&nbsp;intende favorire i rapporti tra l&#8217;Italia e l&#8217;Europa per la valorizzazione della&nbsp;cultura e&nbsp;<\/p>\n<p style=\"margin-bottom: 0cm; line-height: normal; background-image: initial; background-position: initial; background-size: initial; background-repeat: initial; background-attachment: initial; background-origin: initial; background-clip: initial;\">per la sensibilizzazione verso i problemi del Mezzogiorno e della&nbsp;Calabria.<\/p>\n<p style=\"margin-bottom: 0cm; line-height: normal; background-image: initial; background-position: initial; background-size: initial; background-repeat: initial; background-attachment: initial; background-origin: initial; background-clip: initial;\">L&#8217;iniziativa, che beneficia dell&#8217;adesione della Fondazione Carical, \u00e8 stata impostata per<br \/>\nsuperare il distacco anche culturale, dalle altre realt\u00e0 nazionali, di una terra isolata ed<\/p>\n<p style=\"margin-bottom: 0cm; line-height: normal; background-image: initial; background-position: initial; background-size: initial; background-repeat: initial; background-attachment: initial; background-origin: initial; background-clip: initial;\">individualista, com&#8217;era la Calabria.<\/p>\n<p style=\"margin-bottom: 0cm; line-height: normal; background-image: initial; background-position: initial; background-size: initial; background-repeat: initial; background-attachment: initial; background-origin: initial; background-clip: initial;\">Dopo essere giunto&nbsp;alla 53\u00aa edizione del 2015, il prof. Giuseppe Morabito lascia un<\/p>\n<p style=\"margin-bottom: 0cm; line-height: normal; background-image: initial; background-position: initial; background-size: initial; background-repeat: initial; background-attachment: initial; background-origin: initial; background-clip: initial;\">immenso&nbsp;patrimonio intellettuale e storico il 3 gennaio 2016.<\/p>\n<p style=\"margin-bottom:0cm;line-height:normal\"><b>Sede: <\/b><b>Villa S. Giovanni \u2013 Italia<\/b><o:p><\/o:p><\/p>\n<p style=\"margin-bottom:0cm;line-height:normal;mso-outline-level: 2;background:#F8F9FA\"><b>Indice<o:p><\/o:p><\/b><\/p>\n<p style=\"margin-bottom:0cm;line-height:normal;background:#F8F9FA\">1. Storia<o:p><\/o:p><\/p>\n<p style=\"margin-bottom:0cm;line-height:normal;background:#F8F9FA\">2.1 Albo d&#8217;oro \u2013 Sezione letteratura e scienze, stranieri<o:p><\/o:p><\/p>\n<p style=\"margin-bottom:0cm;line-height:normal;background:#F8F9FA\">2.2 Albo d&#8217;oro &#8211; Sezione Letteratura, italiani<\/p>\n<p style=\"margin-bottom:0cm;line-height:normal;background:#F8F9FA\">3. Note<\/p>\n<p style=\"mso-add-space: auto; text-indent: -18.0pt; line-height: normal; mso-list: l0 level1 lfo1; margin: 0cm 0cm 0cm 25.1pt;\"><!-- [if !supportLists]--><b>1.&nbsp;&nbsp;&nbsp;&nbsp; <\/b><!--[endif]--><b>Storia<\/b><\/p>\n<p style=\"margin-bottom: 0cm; text-indent: 1cm; line-height: normal; background-image: initial; background-position: initial; background-size: initial; background-repeat: initial; background-attachment: initial; background-origin: initial; background-clip: initial;\"><b>I<\/b><b>l<\/b>&nbsp;<b>Premio Internazionale Calabria<\/b> \u00e8 stato istituito dal Circolo di Cultura e di Relazioni Internazionali di Villa S. Giovanni, presieduto dal prof. Giuseppe Morabito.<\/p>\n<p style=\"margin-bottom: 0cm; text-indent: 1cm; line-height: normal; background-image: initial; background-position: initial; background-size: initial; background-repeat: initial; background-attachment: initial; background-origin: initial; background-clip: initial;\">&nbsp;Il Premio intende favorire i rapporti tra l&#8217;Italia e l&#8217;Europa per la valorizzazione della cultura e per la sensibilizzazione verso i problemi del Mezzogiorno e della Calabria.<\/p>\n<p style=\"margin-bottom: 0cm; text-indent: 1cm; line-height: normal; background-image: initial; background-position: initial; background-size: initial; background-repeat: initial; background-attachment: initial; background-origin: initial; background-clip: initial;\">&nbsp;Il&nbsp;<i>Premio Calabria<\/i> di letteratura e giornalismo \u00e8 nato nel 1963. In quello stesso 1963, furono posto le premesse per avviare anche il&nbsp;<i>\u201cPremio Calabria\u201d<\/i> riservato alle letterature straniere. Un premio per le scienze \u00e8 riservato a personalit\u00e0 di grande rilievo nazionale ed internazionale.<\/p>\n<p style=\"margin-bottom: 0cm; text-indent: 1cm; line-height: normal; background-image: initial; background-position: initial; background-size: initial; background-repeat: initial; background-attachment: initial; background-origin: initial; background-clip: initial;\">&nbsp;Il professor Giuseppe Morabito, che ha presieduto il Premio fin dalla sua costituzione, lo ha diretto fin dall&#8217;inizio con programmi ambiziosi che, per l&#8217;assoluta mancanza di fondi, potevano apparire velleitari mentre \u00e8 riuscito subito ad ottenere diffusi consensi per la diligente ricerca di autori degni di attenzione.<\/p>\n<p style=\"margin-bottom: 0cm; text-indent: 1cm; line-height: normal; background-image: initial; background-position: initial; background-size: initial; background-repeat: initial; background-attachment: initial; background-origin: initial; background-clip: initial;\">&nbsp;Fra gli autori stranieri, \u00e8 significativo ricordare il Premio Calabria conferito nel 1966 ad Heinrich B\u00f6ll che, nel 1972, ha ricevuto il Premio Nobel. Di uguale valore \u00e8 il Premio<br \/>\nCalabria per le scienze al Nobel Ilya Prigogine nel 1999. Fra gli italiani, nel 1967, il Premio Calabria \u00e8 stato conferito a Leonida R\u00e9paci, mentre, fra gli autori della vicina Sicilia, si devono ricordare il Premio del 1978 conferito al giornalista scrittore Giuseppe Fava, il Premio conferito nel 1997 allo storico Francesco Renda e, nel 2012, anno del Cinquantenario, il Premio Calabria \u00e8 stato conferito allo scrittore Mario Moncada di Monforte.<\/p>\n<p style=\"margin-bottom: 0cm; text-indent: 1cm; line-height: normal; background-image: initial; background-position: initial; background-size: initial; background-repeat: initial; background-attachment: initial; background-origin: initial; background-clip: initial;\">&nbsp;L&#8217;iniziativa, che beneficia dell&#8217;adesione della Fondazione Carical, \u00e8 stata impostata per superare il distacco anche culturale, dalle altre realt\u00e0 nazionali, di una terra isolata ed individualista, com&#8217;era la Calabria.<\/p>\n<p style=\"margin-bottom: 0cm; line-height: normal; background-image: initial; background-position: initial; background-size: initial; background-repeat: initial; background-attachment: initial; background-origin: initial; background-clip: initial;\">&nbsp;&nbsp;&nbsp;&nbsp; Dopo essere giunto alla 53\u00aa edizione del 2015, il prof. Giuseppe Morabito ha lasciato un immenso patrimonio intellettuale e storico il 3 gennaio 2016.<\/p>\n","protected":false},"excerpt":{"rendered":"<p>Premio Internazionale Calabria &nbsp; &nbsp; &nbsp; Letteratura italiana e straniera; letteratura scientifica Il&nbsp;Premio Internazionale Calabria&nbsp;\u00e8 stato istituito nel 1963 dal Circolo di Cultura e di&nbsp; Relazioni Internazionali di Villa S. Giovanni, presieduto dal prof.Giuseppe Morabito.[1]Il&nbsp; Premio&nbsp;intende favorire i rapporti tra l&#8217;Italia e l&#8217;Europa per la valorizzazione della&nbsp;cultura e&nbsp; per la sensibilizzazione verso i problemi del Mezzogiorno e della&nbsp;Calabria. L&#8217;iniziativa, che beneficia dell&#8217;adesione della Fondazione Carical, \u00e8 stata impostata per superare il distacco anche culturale, dalle&hellip; <\/p>\n","protected":false},"author":1,"featured_media":0,"parent":0,"menu_order":0,"comment_status":"closed","ping_status":"closed","template":"","meta":[],"_links":{"self":[{"href":"https:\/\/premiocalabria.it\/index.php\/wp-json\/wp\/v2\/pages\/148"}],"collection":[{"href":"https:\/\/premiocalabria.it\/index.php\/wp-json\/wp\/v2\/pages"}],"about":[{"href":"https:\/\/premiocalabria.it\/index.php\/wp-json\/wp\/v2\/types\/page"}],"author":[{"embeddable":true,"href":"https:\/\/premiocalabria.it\/index.php\/wp-json\/wp\/v2\/users\/1"}],"replies":[{"embeddable":true,"href":"https:\/\/premiocalabria.it\/index.php\/wp-json\/wp\/v2\/comments?post=148"}],"version-history":[{"count":17,"href":"https:\/\/premiocalabria.it\/index.php\/wp-json\/wp\/v2\/pages\/148\/revisions"}],"predecessor-version":[{"id":201,"href":"https:\/\/premiocalabria.it\/index.php\/wp-json\/wp\/v2\/pages\/148\/revisions\/201"}],"wp:attachment":[{"href":"https:\/\/premiocalabria.it\/index.php\/wp-json\/wp\/v2\/media?parent=148"}],"curies":[{"name":"wp","href":"https:\/\/api.w.org\/{rel}","templated":true}]}}

<p style="margin-bottom: 0cm; line-height: normal;"><b>Premio Internazionale Calabria</b></p>
<p style="line-height: normal; margin: 0cm 0cm 6.0pt -21.25pt;">&nbsp; &nbsp; &nbsp; Letteratura italiana e straniera; letteratura scientifica</p>
<p style="margin-bottom: 0cm; line-height: normal; background-image: initial; background-position: initial; background-size: initial; background-repeat: initial; background-attachment: initial; background-origin: initial; background-clip: initial;">Il&nbsp;<b>Premio<br />
Internazionale Calabria</b>&nbsp;è stato istituito nel 1963 dal Circolo di Cultura e di&nbsp;</p>
<p style="margin-bottom: 0cm; line-height: normal; background-image: initial; background-position: initial; background-size: initial; background-repeat: initial; background-attachment: initial; background-origin: initial; background-clip: initial;">Relazioni Internazionali di Villa S. Giovanni, presieduto dal prof.Giuseppe Morabito.<a href="https://it.everybodywiki.com/Premio_Calabria#cite_note-1"><sup>[1]</sup></a>Il&nbsp;</p>
<p style="margin-bottom: 0cm; line-height: normal; background-image: initial; background-position: initial; background-size: initial; background-repeat: initial; background-attachment: initial; background-origin: initial; background-clip: initial;">Premio&nbsp;intende favorire i rapporti tra l&#8217;Italia e l&#8217;Europa per la valorizzazione della&nbsp;cultura e&nbsp;</p>
<p style="margin-bottom: 0cm; line-height: normal; background-image: initial; background-position: initial; background-size: initial; background-repeat: initial; background-attachment: initial; background-origin: initial; background-clip: initial;">per la sensibilizzazione verso i problemi del Mezzogiorno e della&nbsp;Calabria.</p>
<p style="margin-bottom: 0cm; line-height: normal; background-image: initial; background-position: initial; background-size: initial; background-repeat: initial; background-attachment: initial; background-origin: initial; background-clip: initial;">L&#8217;iniziativa, che beneficia dell&#8217;adesione della Fondazione Carical, è stata impostata per<br />
superare il distacco anche culturale, dalle altre realtà nazionali, di una terra isolata ed</p>
<p style="margin-bottom: 0cm; line-height: normal; background-image: initial; background-position: initial; background-size: initial; background-repeat: initial; background-attachment: initial; background-origin: initial; background-clip: initial;">individualista, com&#8217;era la Calabria.</p>
<p style="margin-bottom: 0cm; line-height: normal; background-image: initial; background-position: initial; background-size: initial; background-repeat: initial; background-attachment: initial; background-origin: initial; background-clip: initial;">Dopo essere giunto&nbsp;alla 53ª edizione del 2015, il prof. Giuseppe Morabito lascia un</p>
<p style="margin-bottom: 0cm; line-height: normal; background-image: initial; background-position: initial; background-size: initial; background-repeat: initial; background-attachment: initial; background-origin: initial; background-clip: initial;">immenso&nbsp;patrimonio intellettuale e storico il 3 gennaio 2016.</p>
<p style="margin-bottom:0cm;line-height:normal"><b>Sede: </b><b>Villa S. Giovanni – Italia</b><o:p></o:p></p>
<p style="margin-bottom:0cm;line-height:normal;mso-outline-level: 2;background:#F8F9FA"><b>Indice<o:p></o:p></b></p>
<p style="margin-bottom:0cm;line-height:normal;background:#F8F9FA">1. Storia<o:p></o:p></p>
<p style="margin-bottom:0cm;line-height:normal;background:#F8F9FA">2.1 Albo d&#8217;oro – Sezione letteratura e scienze, stranieri<o:p></o:p></p>
<p style="margin-bottom:0cm;line-height:normal;background:#F8F9FA">2.2 Albo d&#8217;oro &#8211; Sezione Letteratura, italiani</p>
<p style="margin-bottom:0cm;line-height:normal;background:#F8F9FA">3. Note</p>
<p style="mso-add-space: auto; text-indent: -18.0pt; line-height: normal; mso-list: l0 level1 lfo1; margin: 0cm 0cm 0cm 25.1pt;"><!-- [if !supportLists]--><b>1.&nbsp;&nbsp;&nbsp;&nbsp; </b><!--[endif]--><b>Storia</b></p>
<p style="margin-bottom: 0cm; text-indent: 1cm; line-height: normal; background-image: initial; background-position: initial; background-size: initial; background-repeat: initial; background-attachment: initial; background-origin: initial; background-clip: initial;"><b>I</b><b>l</b>&nbsp;<b>Premio Internazionale Calabria</b> è stato istituito dal Circolo di Cultura e di Relazioni Internazionali di Villa S. Giovanni, presieduto dal prof. Giuseppe Morabito.</p>
<p style="margin-bottom: 0cm; text-indent: 1cm; line-height: normal; background-image: initial; background-position: initial; background-size: initial; background-repeat: initial; background-attachment: initial; background-origin: initial; background-clip: initial;">&nbsp;Il Premio intende favorire i rapporti tra l&#8217;Italia e l&#8217;Europa per la valorizzazione della cultura e per la sensibilizzazione verso i problemi del Mezzogiorno e della Calabria.</p>
<p style="margin-bottom: 0cm; text-indent: 1cm; line-height: normal; background-image: initial; background-position: initial; background-size: initial; background-repeat: initial; background-attachment: initial; background-origin: initial; background-clip: initial;">&nbsp;Il&nbsp;<i>Premio Calabria</i> di letteratura e giornalismo è nato nel 1963. In quello stesso 1963, furono posto le premesse per avviare anche il&nbsp;<i>“Premio Calabria”</i> riservato alle letterature straniere. Un premio per le scienze è riservato a personalità di grande rilievo nazionale ed internazionale.</p>
<p style="margin-bottom: 0cm; text-indent: 1cm; line-height: normal; background-image: initial; background-position: initial; background-size: initial; background-repeat: initial; background-attachment: initial; background-origin: initial; background-clip: initial;">&nbsp;Il professor Giuseppe Morabito, che ha presieduto il Premio fin dalla sua costituzione, lo ha diretto fin dall&#8217;inizio con programmi ambiziosi che, per l&#8217;assoluta mancanza di fondi, potevano apparire velleitari mentre è riuscito subito ad ottenere diffusi consensi per la diligente ricerca di autori degni di attenzione.</p>
<p style="margin-bottom: 0cm; text-indent: 1cm; line-height: normal; background-image: initial; background-position: initial; background-size: initial; background-repeat: initial; background-attachment: initial; background-origin: initial; background-clip: initial;">&nbsp;Fra gli autori stranieri, è significativo ricordare il Premio Calabria conferito nel 1966 ad Heinrich Böll che, nel 1972, ha ricevuto il Premio Nobel. Di uguale valore è il Premio<br />
Calabria per le scienze al Nobel Ilya Prigogine nel 1999. Fra gli italiani, nel 1967, il Premio Calabria è stato conferito a Leonida Répaci, mentre, fra gli autori della vicina Sicilia, si devono ricordare il Premio del 1978 conferito al giornalista scrittore Giuseppe Fava, il Premio conferito nel 1997 allo storico Francesco Renda e, nel 2012, anno del Cinquantenario, il Premio Calabria è stato conferito allo scrittore Mario Moncada di Monforte.</p>
<p style="margin-bottom: 0cm; text-indent: 1cm; line-height: normal; background-image: initial; background-position: initial; background-size: initial; background-repeat: initial; background-attachment: initial; background-origin: initial; background-clip: initial;">&nbsp;L&#8217;iniziativa, che beneficia dell&#8217;adesione della Fondazione Carical, è stata impostata per superare il distacco anche culturale, dalle altre realtà nazionali, di una terra isolata ed individualista, com&#8217;era la Calabria.</p>
<p style="margin-bottom: 0cm; line-height: normal; background-image: initial; background-position: initial; background-size: initial; background-repeat: initial; background-attachment: initial; background-origin: initial; background-clip: initial;">&nbsp;&nbsp;&nbsp;&nbsp; Dopo essere giunto alla 53ª edizione del 2015, il prof. Giuseppe Morabito ha lasciato un immenso patrimonio intellettuale e storico il 3 gennaio 2016.</p>

<p>Premio Internazionale Calabria &nbsp; &nbsp; &nbsp; Letteratura italiana e straniera; letteratura scientifica Il&nbsp;Premio Internazionale Calabria&nbsp;è stato istituito nel 1963 dal Circolo di Cultura e di&nbsp; Relazioni Internazionali di Villa S. Giovanni, presieduto dal prof.Giuseppe Morabito.[1]Il&nbsp; Premio&nbsp;intende favorire i rapporti tra l&#8217;Italia e l&#8217;Europa per la valorizzazione della&nbsp;cultura e&nbsp; per la sensibilizzazione verso i problemi del Mezzogiorno e della&nbsp;Calabria. L&#8217;iniziativa, che beneficia dell&#8217;adesione della Fondazione Carical, è stata impostata per superare il distacco anche culturale, dalle&hellip; </p>
